{"version":"1.0","provider_name":"Sacaim","provider_url":"https:\/\/sacaim.it\/it\/","title":"Lavori al Palazzo Arcivescovile - Sacaim","type":"rich","width":600,"height":338,"html":"<blockquote class=\"wp-embedded-content\" data-secret=\"mao0ZC7gpe\"><a href=\"https:\/\/sacaim.it\/it\/lavori-al-palazzo-arcivescovile\/\">Lavori al Palazzo Arcivescovile<\/a><\/blockquote><iframe sandbox=\"allow-scripts\" security=\"restricted\" src=\"https:\/\/sacaim.it\/it\/lavori-al-palazzo-arcivescovile\/embed\/#?secret=mao0ZC7gpe\" width=\"600\" height=\"338\" title=\"&#8220;Lavori al Palazzo Arcivescovile&#8221; &#8212; Sacaim\" data-secret=\"mao0ZC7gpe\" frameborder=\"0\" marginwidth=\"0\" marginheight=\"0\" scrolling=\"no\" class=\"wp-embedded-content\"><\/iframe><script type=\"text\/javascript\">\n\/* <![CDATA[ *\/\n\/*! This file is auto-generated *\/\n!function(d,l){\"use strict\";l.querySelector&&d.addEventListener&&\"undefined\"!=typeof URL&&(d.wp=d.wp||{},d.wp.receiveEmbedMessage||(d.wp.receiveEmbedMessage=function(e){var t=e.data;if((t||t.secret||t.message||t.value)&&!\/[^a-zA-Z0-9]\/.test(t.secret)){for(var s,r,n,a=l.querySelectorAll('iframe[data-secret=\"'+t.secret+'\"]'),o=l.querySelectorAll('blockquote[data-secret=\"'+t.secret+'\"]'),c=new RegExp(\"^https?:$\",\"i\"),i=0;i<o.length;i++)o[i].style.display=\"none\";for(i=0;i<a.length;i++)s=a[i],e.source===s.contentWindow&&(s.removeAttribute(\"style\"),\"height\"===t.message?(1e3<(r=parseInt(t.value,10))?r=1e3:~~r<200&&(r=200),s.height=r):\"link\"===t.message&&(r=new URL(s.getAttribute(\"src\")),n=new URL(t.value),c.test(n.protocol))&&n.host===r.host&&l.activeElement===s&&(d.top.location.href=t.value))}},d.addEventListener(\"message\",d.wp.receiveEmbedMessage,!1),l.addEventListener(\"DOMContentLoaded\",function(){for(var e,t,s=l.querySelectorAll(\"iframe.wp-embedded-content\"),r=0;r<s.length;r++)(t=(e=s[r]).getAttribute(\"data-secret\"))||(t=Math.random().toString(36).substring(2,12),e.src+=\"#?secret=\"+t,e.setAttribute(\"data-secret\",t)),e.contentWindow.postMessage({message:\"ready\",secret:t},\"*\")},!1)))}(window,document);\n\/\/# sourceURL=https:\/\/sacaim.it\/wp-includes\/js\/wp-embed.min.js\n\/* ]]> *\/\n<\/script>\n","thumbnail_url":"https:\/\/sacaim.it\/wp-content\/uploads\/sites\/2\/2023\/02\/0192M_AC_2207-scaled.jpg","thumbnail_width":2560,"thumbnail_height":1328,"description":"Sacaim, societ\u00e0 del Gruppo de Eccher specializzata in restauri, continua i lavori al Palazzo Arcivescovile di Camerino, uno dei pi\u00f9 grandi recuperi post sisma della regione Marche. L\u2019edificio che incornicia la piazza principale della citt\u00e0 \u00e8 stato fortemente danneggiato dal sisma del 2016, riportando importanti lesioni a livello strutturale. Sono gi\u00e0 iniziati i lavori di [&hellip;]"}

Sacaim, società del Gruppo de Eccher specializzata in restauri, continua i lavori al Palazzo Arcivescovile di Camerino, uno dei più grandi recuperi post sisma della regione Marche. L’edificio che incornicia la piazza principale della città è stato fortemente danneggiato dal sisma del 2016, riportando importanti lesioni a livello strutturale. Sono già iniziati i lavori di [&hellip;]
